{"id":57,"date":"2020-03-06T20:21:04","date_gmt":"2020-03-06T19:21:04","guid":{"rendered":"http:\/\/stumpp-stuttgart.de\/?page_id=57"},"modified":"2020-04-24T15:11:51","modified_gmt":"2020-04-24T13:11:51","slug":"forderungsbeitreibung","status":"publish","type":"page","link":"https:\/\/stumpp-stuttgart.de\/index.php\/forderungsbeitreibung\/","title":{"rendered":"Forderungen | Inkasso"},"content":{"rendered":"\t\t<div data-elementor-type=\"wp-page\" data-elementor-id=\"57\" class=\"elementor elementor-57\">\n\t\t\t\t\t\t<section class=\"elementor-section elementor-top-section elementor-element elementor-element-df2a48d elementor-section-boxed elementor-section-height-default elementor-section-height-default\" data-id=\"df2a48d\" data-element_type=\"section\" data-e-type=\"section\">\n\t\t\t\t\t\t<div class=\"elementor-container elementor-column-gap-default\">\n\t\t\t\t\t<div class=\"elementor-column elementor-col-100 elementor-top-column elementor-element elementor-element-845d280\" data-id=\"845d280\" data-element_type=\"column\" data-e-type=\"column\">\n\t\t\t<div class=\"elementor-widget-wrap elementor-element-populated\">\n\t\t\t\t\t\t<div class=\"elementor-element elementor-element-444006b elementor-widget elementor-widget-image\" data-id=\"444006b\" data-element_type=\"widget\" data-e-type=\"widget\" data-widget_type=\"image.default\">\n\t\t\t\t<div class=\"elementor-widget-container\">\n\t\t\t\t\t\t\t\t\t\t\t\t\t\t\t<img fetchpriority=\"high\" decoding=\"async\" width=\"1400\" height=\"300\" src=\"https:\/\/stumpp-stuttgart.de\/wp-content\/uploads\/2020\/04\/schmal_ink.jpg\" class=\"attachment-full size-full wp-image-861\" alt=\"\" srcset=\"https:\/\/stumpp-stuttgart.de\/wp-content\/uploads\/2020\/04\/schmal_ink.jpg 1400w, https:\/\/stumpp-stuttgart.de\/wp-content\/uploads\/2020\/04\/schmal_ink-300x64.jpg 300w, https:\/\/stumpp-stuttgart.de\/wp-content\/uploads\/2020\/04\/schmal_ink-1024x219.jpg 1024w, https:\/\/stumpp-stuttgart.de\/wp-content\/uploads\/2020\/04\/schmal_ink-768x165.jpg 768w\" sizes=\"(max-width: 1400px) 100vw, 1400px\" \/>\t\t\t\t\t\t\t\t\t\t\t\t\t\t\t<\/div>\n\t\t\t\t<\/div>\n\t\t\t\t\t<\/div>\n\t\t<\/div>\n\t\t\t\t\t<\/div>\n\t\t<\/section>\n\t\t\t\t<section class=\"elementor-section elementor-top-section elementor-element elementor-element-32080c9 elementor-section-boxed elementor-section-height-default elementor-section-height-default\" data-id=\"32080c9\" data-element_type=\"section\" data-e-type=\"section\">\n\t\t\t\t\t\t<div class=\"elementor-container elementor-column-gap-default\">\n\t\t\t\t\t<div class=\"elementor-column elementor-col-100 elementor-top-column elementor-element elementor-element-322545a\" data-id=\"322545a\" data-element_type=\"column\" data-e-type=\"column\">\n\t\t\t<div class=\"elementor-widget-wrap elementor-element-populated\">\n\t\t\t\t\t\t<div class=\"elementor-element elementor-element-14c4484 elementor-widget elementor-widget-text-editor\" data-id=\"14c4484\" data-element_type=\"widget\" data-e-type=\"widget\" data-widget_type=\"text-editor.default\">\n\t\t\t\t<div class=\"elementor-widget-container\">\n\t\t\t\t\t\t\t\t\t<h3>Wir beraten Sie bei Mahnwesen | Bonit\u00e4tspr\u00fcfung | Pf\u00e4ndung<\/h3>\t\t\t\t\t\t\t\t<\/div>\n\t\t\t\t<\/div>\n\t\t\t\t\t<\/div>\n\t\t<\/div>\n\t\t\t\t\t<\/div>\n\t\t<\/section>\n\t\t\t\t<section class=\"elementor-section elementor-top-section elementor-element elementor-element-625e4bf9 elementor-section-boxed elementor-section-height-default elementor-section-height-default\" data-id=\"625e4bf9\" data-element_type=\"section\" data-e-type=\"section\">\n\t\t\t\t\t\t<div class=\"elementor-container elementor-column-gap-default\">\n\t\t\t\t\t<div class=\"elementor-column elementor-col-100 elementor-top-column elementor-element elementor-element-16a23f9d\" data-id=\"16a23f9d\" data-element_type=\"column\" data-e-type=\"column\">\n\t\t\t<div class=\"elementor-widget-wrap elementor-element-populated\">\n\t\t\t\t\t\t<div class=\"elementor-element elementor-element-74f8a8d8 elementor-widget elementor-widget-text-editor\" data-id=\"74f8a8d8\" data-element_type=\"widget\" data-e-type=\"widget\" data-widget_type=\"text-editor.default\">\n\t\t\t\t<div class=\"elementor-widget-container\">\n\t\t\t\t\t\t\t\t\t<p><\/p>\n<p>Hohe Au\u00dfenst\u00e4nde, ausbleibende Raten, zahlungsunf\u00e4hige beziehungsweise zahlungsunwillige Schuldner\u00a0&#8211;\u00a0ein Fass ohne Boden?<\/p>\n<p><\/p>\n<p><\/p>\n<p>Wir beraten Sie im Bereich des Inkassomanagements und \u00fcbernehmen auf Wunsch die Beitreibung Ihrer Forderungen au\u00dfergerichtlich, gerichtlich und im Wege der Zwangsvollstreckung. Unsere spezialisierten Fachkr\u00e4fte k\u00f6nnen auf eine langj\u00e4hrige Erfahrung zur\u00fcckblicken. Durch schnelles Handeln &#8211; die Bearbeitung erfolgt in der Regel innerhalb eines Tages ab Beauftragung &#8211; und durch konsequente Ausnutzung der gesetzlichen M\u00f6glichkeiten erreichen wir eine au\u00dferordentlich hohe Erfolgsquote. Nach Absprache mit Ihnen \u00fcbernehmen wir<\/p>\n<p><\/p>\n<p><\/p>\n<ul>\n<li>die Beratung im Bereich des Inkassomanagements, z. B. Aufbau eines Mahnwesens, Kosten- und Zinsberechnungen usw.<\/li>\n<li><span style=\"font-size: 16px;\">die Adress- und Bonit\u00e4tspr\u00fcfung von Schuldnern<\/span><\/li>\n<li><span style=\"font-size: 16px;\">die telefonische oder schriftliche Kontaktierung der Schuldner<\/span><\/li>\n<li><span style=\"font-size: 16px;\">die Vereinbarung und \u00dcberwachung von Ratenzahlungen<\/span><\/li>\n<li><span style=\"font-size: 16px;\">das gerichtliche Mahnverfahren und, falls <\/span>erforderlich, das anschlie\u00dfende Prozessverfahren bundesweit<\/li>\n<li><span style=\"font-size: 16px;\">die Durchf\u00fchrung der Zwangsvollstreckung, z. B. im Wege der\u00a0<\/span>Mobiliarpf\u00e4ndung und des Verfahrens auf Abgabe der eidesstattlichen Versicherung, der Lohnpf\u00e4ndung und der Kontenpf\u00e4ndung, der Zwangsversteigerung und der Zwangsverwaltung usw.<\/li>\n<li><span style=\"font-size: 16px;\">die treuh\u00e4nderische Verwaltung und zeitnahe Abrechnung der\u00a0<\/span>beigetriebenen Gelder<\/li>\n<\/ul>\n<p><\/p>\n<p><\/p>\n<p>Setzen Sie sich bei Bedarf bitte mit uns in Verbindung; wir haben auch kurzfristig Termine f\u00fcr Sie frei. Wir freuen uns auf Ihren Anruf (0711 248 959 20) oder <a href=\"http:\/\/stumpp-stuttgart.de\/index.php\/kontakt\/\">Kontakt.<\/a> \u00a0\u00a0\u00a0\u00a0\u00a0\u00a0\u00a0\u00a0\u00a0\u00a0\u00a0<\/p>\n<p><\/p>\t\t\t\t\t\t\t\t<\/div>\n\t\t\t\t<\/div>\n\t\t\t\t\t<\/div>\n\t\t<\/div>\n\t\t\t\t\t<\/div>\n\t\t<\/section>\n\t\t\t\t<\/div>\n\t\t","protected":false},"excerpt":{"rendered":"<p>Wir beraten Sie bei Mahnwesen | Bonit\u00e4tspr\u00fcfung | Pf\u00e4ndung Hohe Au\u00dfenst\u00e4nde, ausbleibende Raten, zahlungsunf\u00e4hige beziehungsweise zahlungsunwillige Schuldner\u00a0&#8211;\u00a0ein Fass ohne Boden? Wir beraten Sie im Bereich des Inkassomanagements und \u00fcbernehmen auf Wunsch die Beitreibung Ihrer Forderungen au\u00dfergerichtlich, gerichtlich und im Wege<\/p>\n","protected":false},"author":3,"featured_media":0,"parent":0,"menu_order":0,"comment_status":"closed","ping_status":"closed","template":"","meta":{"footnotes":""},"class_list":["post-57","page","type-page","status-publish","hentry"],"yoast_head":"<!-- This site is optimized with the Yoast SEO plugin v27.5 - https:\/\/yoast.com\/product\/yoast-seo-wordpress\/ -->\n<title>Forderungen | Inkasso -<\/title>\n<meta name=\"robots\" content=\"index, follow, max-snippet:-1, max-image-preview:large, max-video-preview:-1\" \/>\n<link rel=\"canonical\" href=\"https:\/\/stumpp-stuttgart.de\/index.php\/forderungsbeitreibung\/\" \/>\n<meta property=\"og:locale\" content=\"de_DE\" \/>\n<meta property=\"og:type\" content=\"article\" \/>\n<meta property=\"og:title\" content=\"Forderungen | Inkasso -\" \/>\n<meta property=\"og:description\" content=\"Wir beraten Sie bei Mahnwesen | Bonit\u00e4tspr\u00fcfung | Pf\u00e4ndung Hohe Au\u00dfenst\u00e4nde, ausbleibende Raten, zahlungsunf\u00e4hige beziehungsweise zahlungsunwillige Schuldner\u00a0&#8211;\u00a0ein Fass ohne Boden? Wir beraten Sie im Bereich des Inkassomanagements und \u00fcbernehmen auf Wunsch die Beitreibung Ihrer Forderungen au\u00dfergerichtlich, gerichtlich und im Wege\" \/>\n<meta property=\"og:url\" content=\"https:\/\/stumpp-stuttgart.de\/index.php\/forderungsbeitreibung\/\" \/>\n<meta property=\"article:modified_time\" content=\"2020-04-24T13:11:51+00:00\" \/>\n<meta property=\"og:image\" content=\"https:\/\/stumpp-stuttgart.de\/wp-content\/uploads\/2020\/04\/schmal_ink.jpg\" \/>\n<meta name=\"twitter:card\" content=\"summary_large_image\" \/>\n<meta name=\"twitter:label1\" content=\"Gesch\u00e4tzte Lesezeit\" \/>\n\t<meta name=\"twitter:data1\" content=\"1\u00a0Minute\" \/>\n<script type=\"application\/ld+json\" class=\"yoast-schema-graph\">{\"@context\":\"https:\\\/\\\/schema.org\",\"@graph\":[{\"@type\":\"WebPage\",\"@id\":\"https:\\\/\\\/stumpp-stuttgart.de\\\/index.php\\\/forderungsbeitreibung\\\/\",\"url\":\"https:\\\/\\\/stumpp-stuttgart.de\\\/index.php\\\/forderungsbeitreibung\\\/\",\"name\":\"Forderungen | Inkasso -\",\"isPartOf\":{\"@id\":\"https:\\\/\\\/stumpp-stuttgart.de\\\/#website\"},\"primaryImageOfPage\":{\"@id\":\"https:\\\/\\\/stumpp-stuttgart.de\\\/index.php\\\/forderungsbeitreibung\\\/#primaryimage\"},\"image\":{\"@id\":\"https:\\\/\\\/stumpp-stuttgart.de\\\/index.php\\\/forderungsbeitreibung\\\/#primaryimage\"},\"thumbnailUrl\":\"https:\\\/\\\/stumpp-stuttgart.de\\\/wp-content\\\/uploads\\\/2020\\\/04\\\/schmal_ink.jpg\",\"datePublished\":\"2020-03-06T19:21:04+00:00\",\"dateModified\":\"2020-04-24T13:11:51+00:00\",\"breadcrumb\":{\"@id\":\"https:\\\/\\\/stumpp-stuttgart.de\\\/index.php\\\/forderungsbeitreibung\\\/#breadcrumb\"},\"inLanguage\":\"de\",\"potentialAction\":[{\"@type\":\"ReadAction\",\"target\":[\"https:\\\/\\\/stumpp-stuttgart.de\\\/index.php\\\/forderungsbeitreibung\\\/\"]}]},{\"@type\":\"ImageObject\",\"inLanguage\":\"de\",\"@id\":\"https:\\\/\\\/stumpp-stuttgart.de\\\/index.php\\\/forderungsbeitreibung\\\/#primaryimage\",\"url\":\"https:\\\/\\\/stumpp-stuttgart.de\\\/wp-content\\\/uploads\\\/2020\\\/04\\\/schmal_ink.jpg\",\"contentUrl\":\"https:\\\/\\\/stumpp-stuttgart.de\\\/wp-content\\\/uploads\\\/2020\\\/04\\\/schmal_ink.jpg\",\"width\":1400,\"height\":300},{\"@type\":\"BreadcrumbList\",\"@id\":\"https:\\\/\\\/stumpp-stuttgart.de\\\/index.php\\\/forderungsbeitreibung\\\/#breadcrumb\",\"itemListElement\":[{\"@type\":\"ListItem\",\"position\":1,\"name\":\"Startseite\",\"item\":\"https:\\\/\\\/stumpp-stuttgart.de\\\/\"},{\"@type\":\"ListItem\",\"position\":2,\"name\":\"Forderungen | Inkasso\"}]},{\"@type\":\"WebSite\",\"@id\":\"https:\\\/\\\/stumpp-stuttgart.de\\\/#website\",\"url\":\"https:\\\/\\\/stumpp-stuttgart.de\\\/\",\"name\":\"\",\"description\":\"Stumpp-Stuttgart   Anwalts- und Notarkanzlei\",\"potentialAction\":[{\"@type\":\"SearchAction\",\"target\":{\"@type\":\"EntryPoint\",\"urlTemplate\":\"https:\\\/\\\/stumpp-stuttgart.de\\\/?s={search_term_string}\"},\"query-input\":{\"@type\":\"PropertyValueSpecification\",\"valueRequired\":true,\"valueName\":\"search_term_string\"}}],\"inLanguage\":\"de\"}]}<\/script>\n<!-- \/ Yoast SEO plugin. -->","yoast_head_json":{"title":"Forderungen | Inkasso -","robots":{"index":"index","follow":"follow","max-snippet":"max-snippet:-1","max-image-preview":"max-image-preview:large","max-video-preview":"max-video-preview:-1"},"canonical":"https:\/\/stumpp-stuttgart.de\/index.php\/forderungsbeitreibung\/","og_locale":"de_DE","og_type":"article","og_title":"Forderungen | Inkasso -","og_description":"Wir beraten Sie bei Mahnwesen | Bonit\u00e4tspr\u00fcfung | Pf\u00e4ndung Hohe Au\u00dfenst\u00e4nde, ausbleibende Raten, zahlungsunf\u00e4hige beziehungsweise zahlungsunwillige Schuldner\u00a0&#8211;\u00a0ein Fass ohne Boden? Wir beraten Sie im Bereich des Inkassomanagements und \u00fcbernehmen auf Wunsch die Beitreibung Ihrer Forderungen au\u00dfergerichtlich, gerichtlich und im Wege","og_url":"https:\/\/stumpp-stuttgart.de\/index.php\/forderungsbeitreibung\/","article_modified_time":"2020-04-24T13:11:51+00:00","og_image":[{"url":"https:\/\/stumpp-stuttgart.de\/wp-content\/uploads\/2020\/04\/schmal_ink.jpg","type":"","width":"","height":""}],"twitter_card":"summary_large_image","twitter_misc":{"Gesch\u00e4tzte Lesezeit":"1\u00a0Minute"},"schema":{"@context":"https:\/\/schema.org","@graph":[{"@type":"WebPage","@id":"https:\/\/stumpp-stuttgart.de\/index.php\/forderungsbeitreibung\/","url":"https:\/\/stumpp-stuttgart.de\/index.php\/forderungsbeitreibung\/","name":"Forderungen | Inkasso -","isPartOf":{"@id":"https:\/\/stumpp-stuttgart.de\/#website"},"primaryImageOfPage":{"@id":"https:\/\/stumpp-stuttgart.de\/index.php\/forderungsbeitreibung\/#primaryimage"},"image":{"@id":"https:\/\/stumpp-stuttgart.de\/index.php\/forderungsbeitreibung\/#primaryimage"},"thumbnailUrl":"https:\/\/stumpp-stuttgart.de\/wp-content\/uploads\/2020\/04\/schmal_ink.jpg","datePublished":"2020-03-06T19:21:04+00:00","dateModified":"2020-04-24T13:11:51+00:00","breadcrumb":{"@id":"https:\/\/stumpp-stuttgart.de\/index.php\/forderungsbeitreibung\/#breadcrumb"},"inLanguage":"de","potentialAction":[{"@type":"ReadAction","target":["https:\/\/stumpp-stuttgart.de\/index.php\/forderungsbeitreibung\/"]}]},{"@type":"ImageObject","inLanguage":"de","@id":"https:\/\/stumpp-stuttgart.de\/index.php\/forderungsbeitreibung\/#primaryimage","url":"https:\/\/stumpp-stuttgart.de\/wp-content\/uploads\/2020\/04\/schmal_ink.jpg","contentUrl":"https:\/\/stumpp-stuttgart.de\/wp-content\/uploads\/2020\/04\/schmal_ink.jpg","width":1400,"height":300},{"@type":"BreadcrumbList","@id":"https:\/\/stumpp-stuttgart.de\/index.php\/forderungsbeitreibung\/#breadcrumb","itemListElement":[{"@type":"ListItem","position":1,"name":"Startseite","item":"https:\/\/stumpp-stuttgart.de\/"},{"@type":"ListItem","position":2,"name":"Forderungen | Inkasso"}]},{"@type":"WebSite","@id":"https:\/\/stumpp-stuttgart.de\/#website","url":"https:\/\/stumpp-stuttgart.de\/","name":"","description":"Stumpp-Stuttgart   Anwalts- und Notarkanzlei","potentialAction":[{"@type":"SearchAction","target":{"@type":"EntryPoint","urlTemplate":"https:\/\/stumpp-stuttgart.de\/?s={search_term_string}"},"query-input":{"@type":"PropertyValueSpecification","valueRequired":true,"valueName":"search_term_string"}}],"inLanguage":"de"}]}},"_links":{"self":[{"href":"https:\/\/stumpp-stuttgart.de\/index.php\/wp-json\/wp\/v2\/pages\/57","targetHints":{"allow":["GET"]}}],"collection":[{"href":"https:\/\/stumpp-stuttgart.de\/index.php\/wp-json\/wp\/v2\/pages"}],"about":[{"href":"https:\/\/stumpp-stuttgart.de\/index.php\/wp-json\/wp\/v2\/types\/page"}],"author":[{"embeddable":true,"href":"https:\/\/stumpp-stuttgart.de\/index.php\/wp-json\/wp\/v2\/users\/3"}],"replies":[{"embeddable":true,"href":"https:\/\/stumpp-stuttgart.de\/index.php\/wp-json\/wp\/v2\/comments?post=57"}],"version-history":[{"count":0,"href":"https:\/\/stumpp-stuttgart.de\/index.php\/wp-json\/wp\/v2\/pages\/57\/revisions"}],"wp:attachment":[{"href":"https:\/\/stumpp-stuttgart.de\/index.php\/wp-json\/wp\/v2\/media?parent=57"}],"curies":[{"name":"wp","href":"https:\/\/api.w.org\/{rel}","templated":true}]}}